{"id":33,"date":"2017-11-05T21:51:11","date_gmt":"2017-11-05T20:51:11","guid":{"rendered":"https:\/\/tv60film.de\/tv60\/?page_id=33"},"modified":"2018-02-12T10:24:21","modified_gmt":"2018-02-12T09:24:21","slug":"in-memoriam","status":"publish","type":"page","link":"https:\/\/tv60film.de\/tv60\/firma\/in-memoriam\/","title":{"rendered":"In Memoriam"},"content":{"rendered":"<div id=\"contentRight\">\n<p>Bernd Burgemeister war nicht nur einer der erfolgreichsten\u00a0Produzenten im deutschen Fernsehmarkt, sondern auch vielf\u00e4ltig f\u00fcr die gesamte Produzentenschaft t\u00e4tig. U.a. war er von 1998 bis zu diesem Jahr der Vorsitzende des Verbands Deutscher Fernsehproduzenten und\u00a0lange Jahre Gesch\u00e4ftsf\u00fchrer der \u201eVerwertungsgesellschaft Film Fernsehen\u201c. Im Namen seines VFF Mitgeschaftsf\u00fchrers Johannes Kreile ver\u00f6ffentlichen wir hier einen Teil des Nachrufs auf Bernd\u00a0Burgemeister.<\/p>\n<p>\u201eEr beherrschte die ganze Klaviatur des Fernsehens. Egal ob der Weihnachtsmehrteiler f\u00fcr Jugendliche, den das ZDF viele Jahre ausstrahlte, ob die Kriminalreihen \u201eDas Duo\u201c oder \u201eAbel\u201c oder \u201eTatort\u201c, ob besonders anspruchsvolle Fernsehfilme wie \u201eDie Hoffnung stirbt zuletzt\u201c, \u201eMarias letzte Reise\u201c und \u201eDas wahre Leben\u201c oder Kinofilme wie \u201eDer alte Affe Angst\u201c oder die Oscar-gekr\u00f6nte Verfilmung der Geschichte von Sophie Scholl \u2013 Bernd Burgemeister, der am Wochenende pl\u00f6tzlich verstorbene Produzent hat mit seinen Werken Fernseh &#8211; und Kinogeschichte\u00a0geschrieben. Dar\u00fcber hinaus war er seit Jahrzehnten f\u00fcr die Belange der Branche\u00a0engagiert. Er war seit 1992 Mitglied des Vorstands und seit 1998 Vorsitzender des\u00a0Bundesverbands der deutschen Fernseh-produzenten. Seit mehr als 10 Jahren war\u00a0er auch Gesch\u00e4ftsf\u00fchrer der VFF Verwertungsgesellschaft der Film- und Fernsehproduzenten GmbH.\u00a0Er wurde nur 63 Jahre alt.<\/p>\n<p>Vor genau 30 Jahren stieg er bei seinem Kollegen und v\u00e4terlichen Freund Claus Hardt bei der M\u00fcnchner Firma TV 60 ein, die er zu einer der wichtigsten unabh\u00e4ngigen Produktionsfirmen ausbaute. Mit unerm\u00fcdlichem Gesp\u00fcr f\u00fcr die Interessen des Publikums, das er gleichzeitig auch forderte, pflegte er die gehobene Unterhaltung ebenso, wie er immer wieder die wichtigsten gesellschaftspolitischen Themen in Fernsehfilmen behandelte. Bevor er im Alter von 33 Jahren selbst\u00e4ndiger Produzent wurde, hatte er das Gewerbe von der Pike auf gelernt. Nach seinem Realschulabschluss begann er 1960 seine Ausbildung im Produktionsgewerbe und arbeitete von 1965 bis 1972 als Produktionsleiter und Herstellungsleiter, bis er 1973 vom ZDF &#8211; Progammdirektor Josef Vieh\u00f6fer als Assistent engagiert wurde. Dessen Nachfolger Gerhard Prager und Dieter Stolte \u00fcbernahmen ihn anschlie\u00dfend jeweils in dieser Funktion, bis er 1978 sich selbst\u00e4ndig machte. Burgemeisters gro\u00dfer Erfolg beruhte vor allem\u00a0auf seiner Bereitschaft, sich zu engagieren. War er von einem Film, einem Thema, einem Regisseur oder den Darstellern \u00fcberzeugt, dann war er auch bereit mit langen Diskussionen sich darauf einzulassen, um es durchzusetzen und auf bestm\u00f6gliche Weise zu verwirklichen. Nicht zuletzt dieser Eigenschaft verdankte er, dass alle immer wieder mit ihm zusammenarbeiten wollten und dass die Arbeiten entsprechend\u00a0honoriert wurde. Er war der Meister des Erfolgs sowohl bei der Zuschauerquote als auch bei den Preisen von Festivals und Wettbewerben. Er war auch ein treuer Produzent seinen Schauspielern gegen\u00fcber: Senta Berger, Nina Kunzendorf, Charlotte Schwab, Anneke Kim Sarnau, Friedrich von Thun, G\u00fcnther Maria Halmer wurden in seinen Produktionen immer noch popul\u00e4rer und er verlie\u00df sich gerne auf sie \u2013 wie sie sich auf ihn.<br \/>\nBei all der Freude, die er am sch\u00f6pferischen Dialog hatte und sich inhaltlich engagiere,<br \/>\nverga\u00df er nicht, dass die Rolle des Produzenten in Deutschland nicht einfach ist. Unerm\u00fcdlich k\u00e4mpfe er daf\u00fcr, dass die Rolle der Produzenten gleichberechtigt neben den Sendern wahr-genommen wurde. In den zehn Jahren seines Vorsitzes beim Bundesverband Deutscher Fernsehproduzenten und in den zahlreichen sonstigen \u00c4mtern, die er bekleidete \u2013 von der Filmf\u00f6derungsanstalt bis zur SPIO k\u00e4mpfe er daf\u00fcr, dass gerade die kleinen und mittleren Produzenten neben den gro\u00dfen oft konzernabh\u00e4ngigen &#8211; Produzenten ihre Chance bekamen.<br \/>\nEr war es auch, der es mit gro\u00dfem taktischem Geschick geschafft hat, die h\u00e4ufig widerstrebenden Interessen der Produzenten in der neuen \u201eAllianz Deutscher Produzenten &#8211; Film &amp; Fernsehen\u201c zusammen zu fassen. Daf\u00fcr zog er sich selbst von der Spitze seines Verbandes zur\u00fcck, vielleicht auch um in Zukunft etwas mehr wieder seinen eigenen Interessen nachgehen zu k\u00f6nnen. Dazu ist es nicht mehr gekommen. Die deutsche Film- und Fernseh-landschaft hat einen ihrer ganz Gro\u00dfen verloren. Sein Sohn Sven, der bereits seit einigen Jahren in der Firma als Produzent an seiner Seite stand, wird sein Werk fortsetzen.<br \/>\nNiemand kann aber vergessen, was die Zuschauer und die Branche ihm alles verdanken.<\/p>\n<\/div>","protected":false},"excerpt":{"rendered":"<p>Bernd Burgemeister war nicht nur einer der erfolgreichsten\u00a0Produzenten im deutschen Fernsehmarkt, sondern auch vielf\u00e4ltig f\u00fcr die gesamte Produzentenschaft t\u00e4tig. U.a. war er von 1998 bis zu diesem Jahr der Vorsitzende des Verbands Deutscher Fernsehproduzenten und\u00a0lange Jahre Gesch\u00e4ftsf\u00fchrer der \u201eVerwertungsgesellschaft Film Fernsehen\u201c. Im Namen seines VFF Mitgeschaftsf\u00fchrers Johannes Kreile ver\u00f6ffentlichen wir hier einen Teil des Nachrufs &hellip; <a href=\"https:\/\/tv60film.de\/tv60\/firma\/in-memoriam\/\" class=\"more-link\"><span class=\"screen-reader-text\">&#8222;In Memoriam&#8220; <\/span>weiterlesen<\/a><\/p>\n","protected":false},"author":2,"featured_media":0,"parent":29,"menu_order":0,"comment_status":"closed","ping_status":"closed","template":"","meta":{"_acf_changed":false,"footnotes":""},"class_list":["post-33","page","type-page","status-publish","hentry"],"acf":[],"_links":{"self":[{"href":"https:\/\/tv60film.de\/tv60\/wp-json\/wp\/v2\/pages\/33"}],"collection":[{"href":"https:\/\/tv60film.de\/tv60\/wp-json\/wp\/v2\/pages"}],"about":[{"href":"https:\/\/tv60film.de\/tv60\/wp-json\/wp\/v2\/types\/page"}],"author":[{"embeddable":true,"href":"https:\/\/tv60film.de\/tv60\/wp-json\/wp\/v2\/users\/2"}],"replies":[{"embeddable":true,"href":"https:\/\/tv60film.de\/tv60\/wp-json\/wp\/v2\/comments?post=33"}],"version-history":[{"count":0,"href":"https:\/\/tv60film.de\/tv60\/wp-json\/wp\/v2\/pages\/33\/revisions"}],"up":[{"embeddable":true,"href":"https:\/\/tv60film.de\/tv60\/wp-json\/wp\/v2\/pages\/29"}],"wp:attachment":[{"href":"https:\/\/tv60film.de\/tv60\/wp-json\/wp\/v2\/media?parent=33"}],"curies":[{"name":"wp","href":"https:\/\/api.w.org\/{rel}","templated":true}]}}

<div id="contentRight">
<p>Bernd Burgemeister war nicht nur einer der erfolgreichsten Produzenten im deutschen Fernsehmarkt, sondern auch vielfältig für die gesamte Produzentenschaft tätig. U.a. war er von 1998 bis zu diesem Jahr der Vorsitzende des Verbands Deutscher Fernsehproduzenten und lange Jahre Geschäftsführer der „Verwertungsgesellschaft Film Fernsehen“. Im Namen seines VFF Mitgeschaftsführers Johannes Kreile veröffentlichen wir hier einen Teil des Nachrufs auf Bernd Burgemeister.</p>
<p>„Er beherrschte die ganze Klaviatur des Fernsehens. Egal ob der Weihnachtsmehrteiler für Jugendliche, den das ZDF viele Jahre ausstrahlte, ob die Kriminalreihen „Das Duo“ oder „Abel“ oder „Tatort“, ob besonders anspruchsvolle Fernsehfilme wie „Die Hoffnung stirbt zuletzt“, „Marias letzte Reise“ und „Das wahre Leben“ oder Kinofilme wie „Der alte Affe Angst“ oder die Oscar-gekrönte Verfilmung der Geschichte von Sophie Scholl – Bernd Burgemeister, der am Wochenende plötzlich verstorbene Produzent hat mit seinen Werken Fernseh &#8211; und Kinogeschichte geschrieben. Darüber hinaus war er seit Jahrzehnten für die Belange der Branche engagiert. Er war seit 1992 Mitglied des Vorstands und seit 1998 Vorsitzender des Bundesverbands der deutschen Fernseh-produzenten. Seit mehr als 10 Jahren war er auch Geschäftsführer der VFF Verwertungsgesellschaft der Film- und Fernsehproduzenten GmbH. Er wurde nur 63 Jahre alt.</p>
<p>Vor genau 30 Jahren stieg er bei seinem Kollegen und väterlichen Freund Claus Hardt bei der Münchner Firma TV 60 ein, die er zu einer der wichtigsten unabhängigen Produktionsfirmen ausbaute. Mit unermüdlichem Gespür für die Interessen des Publikums, das er gleichzeitig auch forderte, pflegte er die gehobene Unterhaltung ebenso, wie er immer wieder die wichtigsten gesellschaftspolitischen Themen in Fernsehfilmen behandelte. Bevor er im Alter von 33 Jahren selbständiger Produzent wurde, hatte er das Gewerbe von der Pike auf gelernt. Nach seinem Realschulabschluss begann er 1960 seine Ausbildung im Produktionsgewerbe und arbeitete von 1965 bis 1972 als Produktionsleiter und Herstellungsleiter, bis er 1973 vom ZDF &#8211; Progammdirektor Josef Viehöfer als Assistent engagiert wurde. Dessen Nachfolger Gerhard Prager und Dieter Stolte übernahmen ihn anschließend jeweils in dieser Funktion, bis er 1978 sich selbständig machte. Burgemeisters großer Erfolg beruhte vor allem auf seiner Bereitschaft, sich zu engagieren. War er von einem Film, einem Thema, einem Regisseur oder den Darstellern überzeugt, dann war er auch bereit mit langen Diskussionen sich darauf einzulassen, um es durchzusetzen und auf bestmögliche Weise zu verwirklichen. Nicht zuletzt dieser Eigenschaft verdankte er, dass alle immer wieder mit ihm zusammenarbeiten wollten und dass die Arbeiten entsprechend honoriert wurde. Er war der Meister des Erfolgs sowohl bei der Zuschauerquote als auch bei den Preisen von Festivals und Wettbewerben. Er war auch ein treuer Produzent seinen Schauspielern gegenüber: Senta Berger, Nina Kunzendorf, Charlotte Schwab, Anneke Kim Sarnau, Friedrich von Thun, Günther Maria Halmer wurden in seinen Produktionen immer noch populärer und er verließ sich gerne auf sie – wie sie sich auf ihn.<br />
Bei all der Freude, die er am schöpferischen Dialog hatte und sich inhaltlich engagiere,<br />
vergaß er nicht, dass die Rolle des Produzenten in Deutschland nicht einfach ist. Unermüdlich kämpfe er dafür, dass die Rolle der Produzenten gleichberechtigt neben den Sendern wahr-genommen wurde. In den zehn Jahren seines Vorsitzes beim Bundesverband Deutscher Fernsehproduzenten und in den zahlreichen sonstigen Ämtern, die er bekleidete – von der Filmföderungsanstalt bis zur SPIO kämpfe er dafür, dass gerade die kleinen und mittleren Produzenten neben den großen oft konzernabhängigen &#8211; Produzenten ihre Chance bekamen.<br />
Er war es auch, der es mit großem taktischem Geschick geschafft hat, die häufig widerstrebenden Interessen der Produzenten in der neuen „Allianz Deutscher Produzenten &#8211; Film &amp; Fernsehen“ zusammen zu fassen. Dafür zog er sich selbst von der Spitze seines Verbandes zurück, vielleicht auch um in Zukunft etwas mehr wieder seinen eigenen Interessen nachgehen zu können. Dazu ist es nicht mehr gekommen. Die deutsche Film- und Fernseh-landschaft hat einen ihrer ganz Großen verloren. Sein Sohn Sven, der bereits seit einigen Jahren in der Firma als Produzent an seiner Seite stand, wird sein Werk fortsetzen.<br />
Niemand kann aber vergessen, was die Zuschauer und die Branche ihm alles verdanken.</p>
</div>

<p>Bernd Burgemeister war nicht nur einer der erfolgreichsten Produzenten im deutschen Fernsehmarkt, sondern auch vielfältig für die gesamte Produzentenschaft tätig. U.a. war er von 1998 bis zu diesem Jahr der Vorsitzende des Verbands Deutscher Fernsehproduzenten und lange Jahre Geschäftsführer der „Verwertungsgesellschaft Film Fernsehen“. Im Namen seines VFF Mitgeschaftsführers Johannes Kreile veröffentlichen wir hier einen Teil des Nachrufs &hellip; <a href="https://tv60film.de/tv60/firma/in-memoriam/" class="more-link"><span class="screen-reader-text">&#8222;In Memoriam&#8220; </span>weiterlesen</a></p>
